ors of 2841.
3, 947
What are the prime factors of 133?
7, 19
What are the prime factors of 74680?
2, 5, 1867
What are the prime factors of 29085?
3, 5, 7, 277
List the prime factors of 376.
2, 47
What are the prime factors of 72402?
2, 3, 11, 1097
List the prime factors of 33409.
33409
What are the prime factors of 37539?
3, 43, 97
List the prime factors of 1646.
2, 823
What are the prime factors of 1115?
5, 223
What are the prime factors of 83166?
2, 3, 83, 167
What are the prime factors of 30467?
30467
List the prime factors of 18683.
7, 17, 157
What are the prime factors of 1580?
2, 5, 79
List the prime factors of 5036.
2, 1259
What are the prime factors of 10650?
2, 3, 5, 71
List the prime factors of 2484.
2, 3, 23
What are the prime factors of 34322?
2, 131
List the prime factors of 8212.
2, 2053
What are the prime factors of 18909?
3, 11, 191
List the prime factors of 1726.
2, 863
What are the prime factors of 7007?
7, 11, 13
What are the prime factors of 413?
7, 59
What are the prime factors of 1224?
2, 3, 17
List the prime factors of 5374.
2, 2687
List the prime factors of 35952.
2, 3, 7, 107
List the prime factors of 56717.
43, 1319
List the prime factors of 11692.
2, 37, 79
List the prime factors of 3112.
2, 389
What are the prime factors of 4013?
4013
List the prime factors of 193.
193
List the prime factors of 1094.
2, 547
List the prime factors of 1313.
13, 101
What are the prime factors of 5222?
2, 7, 373
What are the prime factors of 66?
2, 3, 11
What are the prime factors of 419?
419
What are the prime factors of 15570?
2, 3, 5, 173
List the prime factors of 650.
2, 5, 13
List the prime factors of 6088.
2, 761
List the prime factors of 33739.
33739
List the prime factors of 36345.
3, 5, 2423
What are the prime factors of 56507?
11, 467
List the prime factors of 552.
2, 3, 23
List the prime factors of 14449.
14449
List the prime factors of 5845.
5, 7, 167
List the prime factors of 652.
2, 163
List the prime factors of 783.
3, 29
What are the prime factors of 76775?
5, 37, 83
List the prime factors of 24594.
2, 3, 4099
List the prime factors of 55962.
2, 3, 3109
What are the prime factors of 2127?
3, 709
List the prime factors of 2682.
2, 3, 149
What are the prime factors of 59?
59
What are the prime factors of 41746?
2, 20873
What are the prime factors of 41541?
3, 61, 227
List the prime factors of 2155.
5, 431
What are the prime factors of 12126?
2, 3, 43, 47
What are the prime factors of 8746?
2, 4373
What are the prime factors of 1118?
2, 13, 43
What are the prime factors of 2585?
5, 11, 47
List the prime factors of 18913.
18913
What are the prime factors of 2091?
3, 17, 41
What are the prime factors of 5438?
2, 2719
What are the prime factors of 11708?
2, 2927
List the prime factors of 3311.
7, 11, 43
List the prime factors of 2817.
3, 313
What are the prime factors of 3599?
59, 61
List the prime factors of 1365.
3, 5, 7, 13
List the prime factors of 1170.
2, 3, 5, 13
List the prime factors of 65757.
3, 23, 953
What are the prime factors of 431?
431
What are the prime factors of 100458?
2, 3, 5581
List the prime factors of 14085.
3, 5, 313
List the prime factors of 260.
2, 5, 13
List the prime factors of 964.
2, 241
List the prime factors of 10525.
5, 421
List the prime factors of 2051.
7, 293
List the prime factors of 15352.
2, 19, 101
What are the prime factors of 1501?
19, 79
What are the prime factors of 3381?
3, 7, 23
What are the prime factors of 37843?
13, 41, 71
List the prime factors of 165753.
3, 7, 877
What are the prime factors of 10032?
2, 3, 11, 19
What are the prime factors of 99811?
151, 661
List the prime factors of 1342.
2, 11, 61
What are the prime factors of 956?
2, 239
What are the prime factors of 1120?
2, 5, 7
What are the prime factors of 16916?
2, 4229
What are the prime factors of 940?
2, 5, 47
List the prime factors of 1636.
2, 409
What are the prime factors of 518?
2, 7, 37
What are the prime factors of 7547?
7547
List the prime factors of 19523.
7, 2789
List the prime factors of 17158.
2, 23, 373
What are the prime factors of 1691?
19, 89
List the prime factors of 11260.
2, 5, 563
What are the prime factors of 144378?
2, 3, 13, 617
List the prime factors of 10569.
3, 13, 271
List the prime factors of 4643.
4643
List the prime factors of 1265.
5, 11, 23
What are the prime factors of 160216?
2, 7, 2861
List the prime factors of 5337.
3, 593
What are the prime factors of 1541?
23, 67
List the prime factors of 3522.
2, 3, 587
List the prime factors of 794.
2, 397
What are the prime factors of 90456?
2, 3, 3769
What are the prime factors of 2414?
2, 17, 71
What are the prime factors of 7200?
2, 3, 5
List the prime factors of 11967.
3, 3989
List the prime factors of 90720.
2, 3, 5, 7
List the prime factors of 984.
2, 3, 41
What are the prime factors of 65054?
2, 11, 2957
List the prime factors of 22951.
59, 389
List the prime factors of 1951.
1951
List the prime factors of 63273.
3, 7, 23, 131
List the prime factors of 761.
761
List the prime factors of 1221.
3, 11, 37
List the prime factors of 1222.
2, 13, 47
List the prime factors of 8125.
5, 13
What are the prime factors of 20?
2, 5
What are the prime factors of 3142?
2, 1571
List the prime factors of 4460.
2, 5, 223
What are the prime factors of 1389?
3, 463
List the prime factors of 429.
3, 11, 13
What are the prime factors of 1667?
1667
What are the prime factors of 1538?
2, 769
List the prime factors of 4911.
3, 1637
List the prime factors of 2647.
2647
What are the prime factors of 58828?
2, 7, 11, 191
List the prime factors of 4402.
2, 31, 71
List the prime factors of 27309.
3, 9103
List the prime factors of 37672.
2, 17, 277
List the prime factors of 3635.
5, 727
What are the prime factors of 17858?
2, 8929
What are the prime factors of 2042?
2, 1021
What are the prime factors of 6057?
3, 673
What are the prime factors of 4844?
2, 7, 173
What are the prime factors of 1615?
5, 17, 19
List the prime factors of 77929.
77929
What are the prime factors of 15441?
3, 5147
List the prime factors of 4457.
4457
What are the prime factors of 78494?
2, 13, 3019
What are the prime factors of 22669?
22669
List the prime factors of 70814.
2, 35407
What are the prime factors of 8313?
3, 17, 163
What are the prime factors of 3649?
41, 89
List the prime factors of 1367.
1367
List the prime factors of 42351.
3, 19, 743
What are the prime factors of 1884?
2, 3, 157
List the prime factors of 55769.
7, 31, 257
What are the prime factors of 41018?
2, 20509
What are the prime factors of 20657?
7, 13, 227
What are the prime factors of 764?
2, 191
What are the prime factors of 73504?
2, 2297
List the prime factors of 6060.
2, 3, 5, 101
What are the prime factors of 1643?
31, 53
What are the prime factors of 6548?
2, 1637
What are the prime factors of 349?
349
List the prime factors of 2591.
2591
What are the prime factors of 2104?
2, 263
List the prime factors of 1539.
3, 19
What are the prime factors of 903?
3, 7, 43
What are the prime factors of 2353?
13, 181
List the prime factors of 84623.
7, 11, 157
What are the prime factors of 142048?
2, 23, 193
What are the prime factors of 345?
3, 5, 23
What are the prime factors of 22597?
59, 383
List the prime factors of 23388.
2, 3, 1949
List the prime factors of 20264.
2, 17, 149
List the prime factors of 1346.
2, 673
What are the prime factors of 10044?
2, 3, 31
List the prime factors of 4549.
4549
What are the prime factors of 835?
5, 167
What are the prime factors of 3136?
2, 7
List the prime factors of 2878.
2, 1439
List the prime factors of 17692.
2, 4423
List the prime factors of 12983.
12983
List the prime factors of 671.
11, 61
What are the prime factors of 111?
3, 37
What are the prime factors of 37797?
3, 43, 293
List the prime factors of 59332.
2, 7, 13, 163
List the prime factors of 25958.
2, 12979
What are the prime factors of 160639?
160639
What are the prime factors of 985?
5, 197
What are the prime factors of 1368?
2, 3, 19
What are the prime factors of 1155?
3, 5, 7, 11
What are the prime factors of 27783?
3, 7
What are the prime factors of 1213?
1213
List the prime factors of 36926.
2, 37, 499
List the prime factors of 2696.
2, 337
List the prime factors of 2615.
5, 523
What are the prime factors of